{"id":139,"date":"2012-10-04T18:19:45","date_gmt":"2012-10-04T18:19:45","guid":{"rendered":"http:\/\/www.arq.com.mx\/guias\/?page_id=139"},"modified":"2014-04-12T04:19:12","modified_gmt":"2014-04-12T04:19:12","slug":"6videosgratuitosde3dstudioma","status":"publish","type":"page","link":"https:\/\/www.arq.com.mx\/guias\/6videosgratuitosde3dstudioma\/","title":{"rendered":"Demostraci\u00f3n 3D Studio MAX"},"content":{"rendered":"<p>Estos videos <strong>gratuitos<\/strong> muestran lo que actualmente puedes lograr con 3D Studio MAX.<\/p>\n<p>He seleccionado para ti los 6 mejores videos de 3D Studio MAX que he encontrado y los he puesto en esta p\u00e1gina para compartirlos contigo.<\/p>\n<p>En ellos ver\u00e1s que, con unos cuantos clics y en menos de 5 minutos, se pueden desarrollar proyectos completos en 3D muy interesantes y realistas.<\/p>\n<p><strong>Y no te pierdas la magn\u00edfica sorpresa que aparece al final de la p\u00e1gina para obtener 4 horas m\u00e1s de videos en DVD<\/strong>. \u00a1Pr\u00e9stale mucha atenci\u00f3n!<\/p>\n<p>Disfruta los videos:<\/p>\n<p style=\"text-align: center;\"><strong>Video Gratuito N\u00ba 1.<\/strong><\/p>\n<p style=\"text-align: center;\">Imagina poder mostrar un video como \u00e9ste en tu siguiente entrega de un proyecto, \u00bfcrees que rechazar\u00edan tan f\u00e1cil tu proyecto? Aunque parece complicado, en realidad es muy f\u00e1cil de hacer por cualquiera; m\u00e1s abajo te explicamos c\u00f3mo.<\/p>\n<p><iframe loading=\"lazy\" width=\"500\" height=\"375\" src=\"http:\/\/www.youtube.com\/embed\/N9KE2DOzlSE?feature=oembed\" frameborder=\"0\" allowfullscreen><\/iframe><\/p>\n<p style=\"text-align: center;\">Para convencer a los clientes, no es indispensable que las presentaciones con 3D Studio MAX sean tan realistas; se pueden crear maquetas conceptuales que, acompa\u00f1adas de la animaci\u00f3n, logren resultados tan atractivos y convincentes como el de este video. T\u00fa tambi\u00e9n puedes realizar una presentaci\u00f3n como \u00e9sta en dos d\u00edas, o menos, si conoces las herramientas apropiadas, como lo demostramos m\u00e1s abajo.<\/p>\n<p style=\"text-align: center;\"><strong>Video Gratuito N\u00ba 2.<\/strong><\/p>\n<p><iframe loading=\"lazy\" width=\"500\" height=\"375\" src=\"http:\/\/www.youtube.com\/embed\/Ujb7x-Vgd_4?feature=oembed\" frameborder=\"0\" allowfullscreen><\/iframe><br \/>\nA\u00fan hoy d\u00eda varios de los suscriptores al Buscador de Arquitectura me escriben diciendo que 3D Studio MAX es un programa dif\u00edcil de usar. En este video podr\u00e1s ver c\u00f3mo en minutos se puede modelar lo que quieras si conoces las herramientas que te ayudan a ahorrar tiempo y que mostramos m\u00e1s abajo.<\/p>\n<p style=\"text-align: center;\"><strong>Video Gratuito N\u00ba 3.<\/strong><\/p>\n<p><iframe loading=\"lazy\" width=\"500\" height=\"375\" src=\"http:\/\/www.youtube.com\/embed\/aVTtORatthQ?feature=oembed\" frameborder=\"0\" allowfullscreen><\/iframe><\/p>\n<p style=\"text-align: center;\">Es incre\u00edble el tiempo y dinero que uno puede ahorrar al desarrollar un proyecto con 3D Studio MAX. Por ejemplo, en este video vemos c\u00f3mo esta firma de arquitectura, con\u00a0menos de 5 d\u00edas de trabajo, puede presentar una propuesta completa de un hotel casino en las Vegas, incluyendo los detalles de dise\u00f1o de todas las habitaciones y sus materiales. Con 3D Studio MAX, logran detectar los elementos fundamentales del dise\u00f1o antes de siquiera comenzar a sacar un presupuesto. Si esto se puede lograr para un proyecto de este tama\u00f1o, \u00a1imagina lo que puedes hacer con el proyecto de una casa habitaci\u00f3n!<\/p>\n<p style=\"text-align: center;\"><strong>Video Gratuito N\u00ba 4.<\/strong><\/p>\n<p><iframe loading=\"lazy\" width=\"500\" height=\"375\" src=\"http:\/\/www.youtube.com\/embed\/_pTNY0O0hZw?feature=oembed\" frameborder=\"0\" allowfullscreen><\/iframe><\/p>\n<p style=\"text-align: center;\">El proceso no termina del todo con 3D Studio MAX, ya que si se usa en conjunto con otros programas, se pueden lograr cosas muy interesantes y divertidas, como lo que se puede ver en este video.<\/p>\n<p>&nbsp;<\/p>\n<div class=\"contentbox2 contentbox-light-green\" style=\"width:75%\"><br \/>\n<strong>Tenemos 4 horas m\u00e1s de videos que te ayudar\u00e1n a lograr lo que acabas de ver y mucho m\u00e1s;<\/strong> son videos que te muestran paso a paso c\u00f3mo usar 3D Studio MAX, completamente en espa\u00f1ol, y en DVD \u2014para que los puedas ver con excelente calidad de imagen y sonido en tu computadora. Lo mejor de todo es que no necesitas ser un experto para aprender ni leer aburridos manuales, con estos videos, cualquier persona, sin importar su nivel de manejo del programa, puede aprender a utilizar 3D Studio MAX en cuesti\u00f3n de minutos.<\/p>\n<p style=\"text-align: center;\"><strong>Video Gratuito \u00abPresentaci\u00f3n de Curso\u00bb.<\/strong><br \/>\n<iframe loading=\"lazy\" width=\"500\" height=\"281\" src=\"http:\/\/www.youtube.com\/embed\/QmqyYk8QZKE?feature=oembed\" frameborder=\"0\" allowfullscreen><\/iframe><br \/>\nEntra a la siguiente p\u00e1gina para que te enviemos las 4 horas de videos en DVD para que aprendas a dominar 3D Studio MAX, y los puedas ver con excelente calidad de imagen y sonido en tu computadora.<\/p>\n<p><strong>Y si eres uno de los primeros 250 en pedir los DVDs, te incluiremos 7 s\u00faper regalos GRATIS.<\/strong><\/p>\n<p><a href=\"http:\/\/secure.arq.com.mx\/secretosde_3dstudiomax\/index-test.php\">Haz clic aqu\u00ed ahora y ver\u00e1s de lo que te estoy hablando\u2026<\/a><br \/>\n<\/div>\n","protected":false},"excerpt":{"rendered":"<p>Estos videos gratuitos muestran lo que actualmente puedes lograr con 3D Studio MAX. He seleccionado para ti los 6 mejores videos de 3D Studio MAX que he encontrado y los he puesto en esta p\u00e1gina para compartirlos contigo. En ellos ver\u00e1s que, con unos cuantos clics y en menos de 5 minutos, se pueden desarrollar [&hellip;]<\/p>\n","protected":false},"author":1,"featured_media":0,"parent":0,"menu_order":0,"comment_status":"open","ping_status":"open","template":"launch_001d.php","meta":[],"_links":{"self":[{"href":"https:\/\/www.arq.com.mx\/guias\/wp-json\/wp\/v2\/pages\/139"}],"collection":[{"href":"https:\/\/www.arq.com.mx\/guias\/wp-json\/wp\/v2\/pages"}],"about":[{"href":"https:\/\/www.arq.com.mx\/guias\/wp-json\/wp\/v2\/types\/page"}],"author":[{"embeddable":true,"href":"https:\/\/www.arq.com.mx\/guias\/wp-json\/wp\/v2\/users\/1"}],"replies":[{"embeddable":true,"href":"https:\/\/www.arq.com.mx\/guias\/wp-json\/wp\/v2\/comments?post=139"}],"version-history":[{"count":41,"href":"https:\/\/www.arq.com.mx\/guias\/wp-json\/wp\/v2\/pages\/139\/revisions"}],"predecessor-version":[{"id":183,"href":"https:\/\/www.arq.com.mx\/guias\/wp-json\/wp\/v2\/pages\/139\/revisions\/183"}],"wp:attachment":[{"href":"https:\/\/www.arq.com.mx\/guias\/wp-json\/wp\/v2\/media?parent=139"}],"curies":[{"name":"wp","href":"https:\/\/api.w.org\/{rel}","templated":true}]}}